mainder when b is divided by c.
4
Let o be (6/18)/((-2)/(-66)) + 1. Suppose -1490 = -o*c + 1774. Calculate the remainder when c is divided by 11.
8
Let g(a) = -2*a**2 - 26*a + 101. Suppose 2172 = -8*j + 14*j. What is the remainder when j is divided by g(-14)?
70
Let b(a) = -899*a - 10772. Calculate the remainder when (22/(-5))/((-1)/10) is divided by b(-12).
12
Let y(k) = 8*k + 74. Suppose f - 29 = 5*x, -3*x - 5*f + 3 = -2. Calculate the remainder when y(x) is divided by 13.
8
Let o = 17538 + -16061. Calculate the remainder when o is divided by 13.
8
Let d = 251 + -151. Suppose j = 0, 0*v + 3*j + d = 4*v. What is the remainder when 272 is divided by v?
22
Let h(k) = k**3 - 10*k**2 + 10*k + 3. Let c = 3256 - 3202. Calculate the remainder when c is divided by h(9).
6
Let w = 61 + -57. Suppose -f - 5*c = w*f, 6 = -2*c. Suppose -u = 1 - 0, 0 = 5*r - f*u - 208. What is the remainder when r is divided by 21?
20
Let u(j) = j**3 - 27*j**2 + 56*j - 11. Let x be u(25). Suppose 9*i = -2*w + 4*i + x, 0 = w - 5*i - 92. What is the remainder when w is divided by 16?
13
Let v(o) = o**2 + 7. Let b(p) = -p**2 - 4. Let h(s) = -5*b(s) - 3*v(s). Suppose -160 + 18 - 78 = -110*j. Calculate the remainder when 26 is divided by h(j).
5
Let v = 189 + -370. Let p = v + 304. Let n(l) = -l**2 + 12*l - 1. What is the remainder when p is divided by n(8)?
30
Suppose 1162 = -5*d - 218. Let z = d + 765. Calculate the remainder when z is divided by 49.
48
Let d = -1511 + 1525. Calculate the remainder when 68/(6/(-3))*-1 is divided by d.
6
What is the remainder when 655 is divided by (558 + 0)/3 - (88 + -86)?
103
Suppose 2*z + 378 = 5*z. Let i = -16553 + 16587. Calculate the remainder when z is divided by i.
24
Let r(o) be the first derivative of -3*o**4/4 + 26*o**3/3 - 7*o**2 - 4*o - 37. What is the remainder when 36 is divided by r(8)?
0
Let h be (-5 - (-4 + -2))*3. Suppose -6*q + 3*q = 0. Suppose q*b = h*b - 30. Calculate the remainder when b is divided by 6.
4
Let m = -956807 + 957148. Suppose -61 = -3*i - 4. Calculate the remainder when m is divided by i.
18
Suppose -151*g = -85*g - 8976. What is the remainder when g is divided by 63?
10
Suppose 4*m - 595 - 1026 = 5*s, 3*s + 951 = -3*m. Let v = 492 + s. What is the remainder when v is divided by 44?
39
Suppose 1403 = 66*g - 5*g. Suppose -2*j = 3*j + 2*y - 215, 2*j - 4*y = 110. Let x = 111 - j. Calculate the remainder when x is divided by g.
20
Let o(x) = -x**2 + 12*x + 19. Let s be o(5). Calculate the remainder when 49 is divided by 45/2*72/s.
19
Suppose 61*w = 126*w - 16*w - 62132. Calculate the remainder when w is divided by 53.
49
Let k(p) = -115*p - 321. Calculate the remainder when k(-10) is divided by 44.
37
Suppose 7484 + 2219 = 31*f. Suppose -23 = 5*o - f. Calculate the remainder when o is divided by 36.
22
Let y = -4187 - -4497. What is the remainder when y is divided by 52?
50
Let z be (6*-1)/((-1)/1). Let d be (-353)/5 - z/15. Let t = -51 - d. Calculate the remainder when t is divided by 11.
9
Let v = -559 + 811. What is the remainder when v is divided by 1*3913/77 + (-2)/(-11)?
48
Let o(a) = 5*a**3 - 4*a**2 - 100*a + 50. What is the remainder when o(13) is divided by 12?
11
Let p(k) = 2*k**2 - 11*k - 21. Let g be p(-4). Let w = g + 140. Calculate the remainder when w is divided by 28.
27
Let r = 83 - 58. Calculate the remainder when r is divided by -14 + -7 + -5 + 43.
8
Let m(q) = q**3 + 8*q**2 + 5*q - 15. Let h be m(-7). Suppose 26 + 43 = 3*g. Let d = g + h. Calculate the remainder when 85 is divided by d.
19
Let q(x) = 193*x - 4. Let g be q(5). Suppose 7*v + 37 = g. What is the remainder when v is divided by 7?
6
Suppose -105*a = -1126 - 9374. What is the remainder when 691 is divided by a?
91
Suppose -1374 = -20*l + 2326. Let h = 246 + l. What is the remainder when h is divided by 19?
13
Let o be (-38)/76*762/(-2)*2. Let b = 580 - o. Calculate the remainder when b is divided by 40.
39
Let k(i) = i**3 - 2*i + 193. Suppose 0 = -4*w - 16, 2*t - 5*w - 20 = -2*t. Let u be k(t). Let s = u - 122. Calculate the remainder when s is divided by 18.
17
Let x = -10983 + 11077. Let c = -6 - -11. Calculate the remainder when x is divided by c.
4
Suppose 4*i = 7*i - q - 17, 5*q = -4*i + 10. Suppose 0 = 2*a + 4*m - 360, i*a + 4*m - 796 = 98. What is the remainder when a is divided by 45?
43
Suppose 197 = -5*z - 3*x, -3*z = 3*x + 120 - 3. Calculate the remainder when (-3 + z/(-12))*84 is divided by 9.
1
Let m(s) = 105*s - 2479. What is the remainder when 1964 is divided by m(24)?
37
Suppose -15*v - 8*v + 4123 = -4*v. Calculate the remainder when v is divided by 47.
29
Let v be (((-360)/25)/8)/(2/(-230)). Suppose 7*n + 25 = v. What is the remainder when 94 is divided by n?
16
Suppose -89*i + 13*i + 1216 = 0. Let m(d) = 51*d + 8. Let j be m(6). Calculate the remainder when j/4 - (-3)/(-6) is divided by i.
14
Let v(a) = a**3 + 12*a**2 + 12*a + 16. Let h be v(-11). Suppose -4*q = -h*o - 6*q + 106, q + 24 = o. Calculate the remainder when 64 is divided by o.
20
Suppose 10*u = 22 + 18. Suppose -u*b + 3 = c, 3*c + b - 71 = -29. What is the remainder when 101 is divided by c?
11
Suppose 2*k - 44 = -j, -5*j + 7*j = 12. Calculate the remainder when 695 is divided by k.
11
Suppose 29*r - 25*r + 176 = 0. Let q = 54 + r. Suppose 4 = y - 13. What is the remainder when y is divided by q?
7
Let s = 50 + -46. Suppose -5*f + 136 = -s. What is the remainder when f is divided by 16?
12
Let k(r) = r**2 + 28*r - 73. What is the remainder when 637 is divided by k(-33)?
85
Let m(l) = 24*l - 2250. Calculate the remainder when 1952 is divided by m(94).
2
Let q(j) = -j**2 - 8*j + 27. Suppose 31*p + 5*a + 513 = 33*p, 3*a = 15. Calculate the remainder when p is divided by q(-9).
17
Let v(j) = -16*j - 2. Let k be v(-6). Suppose 16*p + 398 = 1422. Let a = k - p. What is the remainder when 88 is divided by a?
28
Suppose 2*h + 38*k - 10608 = 41*k, 0 = 4*h - 3*k - 21192. Calculate the remainder when h is divided by 1763.
3
Suppose r = 15 + 81. Suppose -9*s + 13*s = r. What is the remainder when 63 is divided by (8*-1)/((-12)/s)?
15
Let h = -470 - -560. Let m(s) = 30*s + 23. What is the remainder when h is divided by m(0)?
21
Let x(f) = 5*f**2 + f. Let l(c) = -11*c + 214. Let b be l(16). Suppose 55*z - b*z = 1394. What is the remainder when z is divided by x(-3)?
40
Suppose 0 = -2*v - 7 + 63. Let h be (-2)/(-4)*(30 - v). Let y(n) = 16*n + 2. Calculate the remainder when 124 is divided by y(h).
16
What is the remainder when 241 is divided by ((-1 - (-2 - 0))*(49 + -2))/1?
6
What is the remainder when 2 - -19*6*12/8 is divided by 58/10 + (-1)/(-5) - -33?
17
Calculate the remainder when (2/6)/((-6)/(-27)) + (-18522)/(-12) is divided by 385.
5
Let i = 7 + 1. Let d(j) = j**2 + 54*j - 382. Calculate the remainder when d(7) is divided by i.
5
Let p(x) = -12*x - 2. Let v(i) = i**2 - 10*i - 32. Let r(h) = h**3 - 6*h**2 - 2*h + 7. Let y be r(6). Calculate the remainder when v(y) is divided by p(-2).
21
Let m(c) = -4*c**2 + 11*c + 179. What is the remainder when m(0) is divided by 163?
16
Let f be -1 + -431 - 115/(-23). Let b = 440 + f. What is the remainder when 35 is divided by b?
9
Let o = -7476 + 8241. What is the remainder when o is divided by 250?
15
Suppose 0 = -14*b + 12*b + 4. Suppose -b*t + 24 - 20 = 0. Calculate the remainder when 7 is divided by t.
1
Suppose -2*h = 0, 2*h - 24 = -y - 0*y. Let t(q) = 3*q**2 + 7*q + 17. Let n be t(-9). Let i = n - 127. What is the remainder when i is divided by y?
22
Suppose -1449815 = -291*v + 44*v + 1699188. What is the remainder when v is divided by 102?
101
Let v = 57619 + -57597. Let l(k) = 12*k**2 - 2*k + 12. What is the remainder when l(5) is divided by v?
16
Suppose 5846*w + 2520 = 5881*w. What is the remainder when 791 is divided by w?
71
Let p = -24104 + 24145. What is the remainder when p is divided by 15?
11
Let h = -20297 + 20415. Calculate the remainder when 236 is divided by h.
0
Suppose 3*n + v = 55, -3*n + 14 = 3*v - 37. Suppose -2*l = h - n, 15 = l + 3*h + 3. What is the remainder when 79 is divided by l?
7
Suppose -2*p + 10*c + 1078 = 0, 536 = 74*p - 73*p - 4*c. Calculate the remainder when p is divided by 58.
2
Suppose 0 = 46*h - 212*h + 45463 + 27909. What is the remainder when h is divided by 158?
126
